{"id":9,"date":"2020-10-02T14:28:36","date_gmt":"2020-10-02T17:28:36","guid":{"rendered":"https:\/\/gelservicos.com.br\/?page_id=9"},"modified":"2020-10-02T14:40:18","modified_gmt":"2020-10-02T17:40:18","slug":"gel-servicos-extrajudiciais","status":"publish","type":"page","link":"https:\/\/gelservicos.com.br\/?page_id=9","title":{"rendered":"GEL SERVI\u00c7OS EXTRAJUDICIAIS"},"content":{"rendered":"<link rel=\"stylesheet\" href=\"https:\/\/cdnjs.cloudflare.com\/ajax\/libs\/font-awesome\/4.7.0\/css\/font-awesome.min.css\">\n<div class=\"container-fluid col-sm-8\" style=\"margin-top: 30px;\">\n<div class=\"row\">\n<div class=\"col-sm-12\">\n<h1 style=\"text-align: center;\">APRESENTA\u00c7\u00c3O<\/h1>\n<\/div>\n<div class=\"row\">\n<div class=\"col-sm-4\"><img decoding=\"async\" class=\"img-fluid\" src=\"http:\/\/localhost\/gelservicos\/wp-content\/uploads\/2020\/09\/writing-1149962_1920-300x200.jpg\" alt=\"\"><\/div>\n<div class=\"col-sm-8\">\n<p class=\"row\">A GEL SERVI\u00c7OS EXTRAJUDICIAIS se notabiliza pela agilidade no atendimento e solu\u00e7\u00e3o das demandas.<\/p>\n<p class=\"row\">Est\u00e1 instalada e estruturada para apoiar os seus clientes numa abordagem integrada e voltada \u00e0s suas necessidades em cada situa\u00e7\u00e3o espec\u00edfica.<\/p>\n<p class=\"row\">Com equipe extremamente competente e capacitada, sempre pronta e dispon\u00edvel para solu\u00e7\u00e3o das demandas extrajudiciais dos clientes nas suas \u00e1reas de atua\u00e7\u00e3o. A GEL CONSULTORIA conta com correspondentes em todo territ\u00f3rio nacional.<\/p>\n<\/div>\n<\/div>\n<\/div>\n<div class=\"row\">\n<div class=\"col-sm-12\">\n<h1 style=\"text-align: center;\">\u00c1REAS DE ATUA\u00c7\u00c3O<\/h1>\n<\/div>\n<div class=\"row\">\n<div class=\"col-sm-5\">\n<div class=\"row\">\n<h2>Regulariza\u00e7\u00e3o de Im\u00f3veis<\/h2>\n<\/div>\n<p class=\"row\">Servi\u00e7os de averba\u00e7\u00e3o de im\u00f3veis, certid\u00e3o de \u201chabite-se\u201d, desdobramento de lotes, usucapi\u00e3o extrajudicial, emiss\u00e3o de certid\u00f5es negativas etc.<\/p>\n<\/div>\n<div class=\"col-sm-2\"><\/div>\n<div class=\"col-sm-5\">\n<div class=\"row\">\n<h2>Previdenci\u00e1ria<\/h2>\n<\/div>\n<p class=\"row\">Contagem de Tempo de Servi\u00e7o, C\u00e1lculos de aposentadorias (tempo de contribui\u00e7\u00e3o, idade, especial etc.), benef\u00edcios assistenciais, aposentadoria por invalidez, aux\u00edlio-doen\u00e7a, aux\u00edlio-doen\u00e7a acident\u00e1rio, aux\u00edlio acidente, acerto de v\u00ednculos, filia\u00e7\u00e3o e inscri\u00e7\u00e3o nos \u00f3rg\u00e3os previdenci\u00e1rios, etc.<\/p>\n<\/div>\n<\/div>\n<div class=\"row\">\n<div class=\"col-sm-5\">\n<div class=\"row\">\n<h2>Servi\u00e7os extrajudiciais em Tabelionatos<\/h2>\n<\/div>\n<p class=\"row\">Assessoria na elabora\u00e7\u00e3o de escrituras p\u00fablicas em geral, procura\u00e7\u00f5es p\u00fablicas, registros imobili\u00e1rios, averba\u00e7\u00f5es de matr\u00edculas etc.<\/p>\n<\/div>\n<div class=\"col-sm-2\"><\/div>\n<div class=\"col-sm-5\">\n<div class=\"row\">\n<h2><\/h2>\n<h2>Regulariza\u00e7\u00e3o em Conselhos de Fiscaliza\u00e7\u00e3o<\/h2>\n<\/div>\n<p class=\"row\">Assessoria especializada na regulariza\u00e7\u00e3o de pessoas jur\u00eddicas e pessoas f\u00edsicas perante Conselhos de Fiscaliza\u00e7\u00e3o.<\/p>\n<\/div>\n<\/div>\n<div class=\"row\">\n<div class=\"col-sm-12\">\n<h1 style=\"text-align: center;\">Fale conosco<\/h1>\n<\/div>\n<div class=\"col-sm-5\">\n<p class=\"row\"><a href=\"mailto:contato@gelservicos.com.br\"><i class=\"fa fa-envelope-o\" style=\"font-size:24px\"><\/i> contato@gelservicos.com.br<\/a><\/p>\n<p class=\"row\"><a href=\"https:\/\/gelservicos.com.br\/\"><i class=\"fa fa-globe\" style=\"font-size:24px\"><\/i> www.gelservicos.com.br<\/a><\/p>\n<\/div>\n<div class=\"col-sm-2\"><\/div>\n<div class=\"col-sm-5\">\n<p class=\"row\"><a style=\"color: #048a47\" href=\"https:\/\/api.whatsapp.com\/send?l=pt&amp;phone=5511990169512\"><i class=\"fa fa-whatsapp\" style=\"font-size:24px\"><\/i> 11 99016-9512<\/a><\/p>\n<\/div>\n<\/div>\n<\/div>\n<\/div>\n","protected":false},"excerpt":{"rendered":"<p>APRESENTA\u00c7\u00c3O A GEL SERVI\u00c7OS EXTRAJUDICIAIS se notabiliza pela agilidade no atendimento e solu\u00e7\u00e3o das demandas. Est\u00e1 instalada e estruturada para apoiar os seus clientes numa abordagem integrada e voltada \u00e0s suas necessidades em cada situa\u00e7\u00e3o espec\u00edfica. Com equipe extremamente competente e capacitada, sempre pronta e dispon\u00edvel para solu\u00e7\u00e3o das demandas extrajudiciais dos clientes nas suas [&hellip;]<\/p>\n","protected":false},"author":1,"featured_media":0,"parent":0,"menu_order":0,"comment_status":"closed","ping_status":"closed","template":"general-template.php","meta":{"footnotes":""},"class_list":["post-9","page","type-page","status-publish","hentry"],"yoast_head":"<!-- This site is optimized with the Yoast SEO plugin v15.0 - https:\/\/yoast.com\/wordpress\/plugins\/seo\/ -->\n<meta name=\"robots\" content=\"index, follow, max-snippet:-1, max-image-preview:large, max-video-preview:-1\" \/>\n<link rel=\"canonical\" href=\"https:\/\/gelservicos.com.br\/?page_id=9\" \/>\n<meta property=\"og:locale\" content=\"pt_BR\" \/>\n<meta property=\"og:type\" content=\"article\" \/>\n<meta property=\"og:title\" content=\"GEL SERVI\u00c7OS EXTRAJUDICIAIS - Gel Servi\u00e7os Extrajudiciais\" \/>\n<meta property=\"og:description\" content=\"APRESENTA\u00c7\u00c3O A GEL SERVI\u00c7OS EXTRAJUDICIAIS se notabiliza pela agilidade no atendimento e solu\u00e7\u00e3o das demandas. Est\u00e1 instalada e estruturada para apoiar os seus clientes numa abordagem integrada e voltada \u00e0s suas necessidades em cada situa\u00e7\u00e3o espec\u00edfica. Com equipe extremamente competente e capacitada, sempre pronta e dispon\u00edvel para solu\u00e7\u00e3o das demandas extrajudiciais dos clientes nas suas [&hellip;]\" \/>\n<meta property=\"og:url\" content=\"https:\/\/gelservicos.com.br\/?page_id=9\" \/>\n<meta property=\"og:site_name\" content=\"Gel Servi\u00e7os Extrajudiciais\" \/>\n<meta property=\"article:modified_time\" content=\"2020-10-02T17:40:18+00:00\" \/>\n<meta property=\"og:image\" content=\"http:\/\/localhost\/gelservicos\/wp-content\/uploads\/2020\/09\/writing-1149962_1920-300x200.jpg\" \/>\n<meta name=\"twitter:card\" content=\"summary_large_image\" \/>\n<script type=\"application\/ld+json\" class=\"yoast-schema-graph\">{\"@context\":\"https:\/\/schema.org\",\"@graph\":[{\"@type\":\"WebSite\",\"@id\":\"https:\/\/gelservicos.com.br\/#website\",\"url\":\"https:\/\/gelservicos.com.br\/\",\"name\":\"Gel Servi\\u00e7os Extrajudiciais\",\"description\":\"S\\u00f3 mais um site WordPress\",\"potentialAction\":[{\"@type\":\"SearchAction\",\"target\":\"https:\/\/gelservicos.com.br\/?s={search_term_string}\",\"query-input\":\"required name=search_term_string\"}],\"inLanguage\":\"pt-BR\"},{\"@type\":\"ImageObject\",\"@id\":\"https:\/\/gelservicos.com.br\/?page_id=9#primaryimage\",\"inLanguage\":\"pt-BR\",\"url\":\"http:\/\/localhost\/gelservicos\/wp-content\/uploads\/2020\/09\/writing-1149962_1920-300x200.jpg\"},{\"@type\":\"WebPage\",\"@id\":\"https:\/\/gelservicos.com.br\/?page_id=9#webpage\",\"url\":\"https:\/\/gelservicos.com.br\/?page_id=9\",\"name\":\"GEL SERVI\\u00c7OS EXTRAJUDICIAIS - Gel Servi\\u00e7os Extrajudiciais\",\"isPartOf\":{\"@id\":\"https:\/\/gelservicos.com.br\/#website\"},\"primaryImageOfPage\":{\"@id\":\"https:\/\/gelservicos.com.br\/?page_id=9#primaryimage\"},\"datePublished\":\"2020-10-02T17:28:36+00:00\",\"dateModified\":\"2020-10-02T17:40:18+00:00\",\"inLanguage\":\"pt-BR\",\"potentialAction\":[{\"@type\":\"ReadAction\",\"target\":[\"https:\/\/gelservicos.com.br\/?page_id=9\"]}]}]}<\/script>\n<!-- \/ Yoast SEO plugin. -->","_links":{"self":[{"href":"https:\/\/gelservicos.com.br\/index.php?rest_route=\/wp\/v2\/pages\/9","targetHints":{"allow":["GET"]}}],"collection":[{"href":"https:\/\/gelservicos.com.br\/index.php?rest_route=\/wp\/v2\/pages"}],"about":[{"href":"https:\/\/gelservicos.com.br\/index.php?rest_route=\/wp\/v2\/types\/page"}],"author":[{"embeddable":true,"href":"https:\/\/gelservicos.com.br\/index.php?rest_route=\/wp\/v2\/users\/1"}],"replies":[{"embeddable":true,"href":"https:\/\/gelservicos.com.br\/index.php?rest_route=%2Fwp%2Fv2%2Fcomments&post=9"}],"version-history":[{"count":2,"href":"https:\/\/gelservicos.com.br\/index.php?rest_route=\/wp\/v2\/pages\/9\/revisions"}],"predecessor-version":[{"id":11,"href":"https:\/\/gelservicos.com.br\/index.php?rest_route=\/wp\/v2\/pages\/9\/revisions\/11"}],"wp:attachment":[{"href":"https:\/\/gelservicos.com.br\/index.php?rest_route=%2Fwp%2Fv2%2Fmedia&parent=9"}],"curies":[{"name":"wp","href":"https:\/\/api.w.org\/{rel}","templated":true}]}}